[INFO] cloning repository https://github.com/mquandalle/ethereum-rust
[INFO] running `Command { std: "git" "-c" "credential.helper=" "-c" "credential.helper=/workspace/cargo-home/bin/git-credential-null" "clone" "--bare" "https://github.com/mquandalle/ethereum-rust" "/workspace/cache/git-repos/https%3A%2F%2Fgithub.com%2Fmquandalle%2Fethereum-rust", kill_on_drop: false }`
[INFO] [stderr] Cloning into bare repository '/workspace/cache/git-repos/https%3A%2F%2Fgithub.com%2Fmquandalle%2Fethereum-rust'...
[INFO] running `Command { std: "git" "rev-parse" "HEAD", kill_on_drop: false }`
[INFO] [stdout] 2ab6071f4b14c52c57f2078bdebb235995257814
[INFO] checking mquandalle/ethereum-rust against try#72f88fc4e9458f89516a0b8b0868f3718aec5b47 for pr-74989
[INFO] running `Command { std: "git" "clone" "/workspace/cache/git-repos/https%3A%2F%2Fgithub.com%2Fmquandalle%2Fethereum-rust" "/workspace/builds/worker-12/source", kill_on_drop: false }`
[INFO] [stderr] Cloning into '/workspace/builds/worker-12/source'...
[INFO] [stderr] done.
[INFO] validating manifest of git repo https://github.com/mquandalle/ethereum-rust on toolchain 72f88fc4e9458f89516a0b8b0868f3718aec5b47
[INFO] running `Command { std: "/workspace/cargo-home/bin/cargo" "+72f88fc4e9458f89516a0b8b0868f3718aec5b47" "read-manifest" "--manifest-path" "Cargo.toml", kill_on_drop: false }`
[INFO] started tweaking git repo https://github.com/mquandalle/ethereum-rust
[INFO] finished tweaking git repo https://github.com/mquandalle/ethereum-rust
[INFO] tweaked toml for git repo https://github.com/mquandalle/ethereum-rust written to /workspace/builds/worker-12/source/Cargo.toml
[INFO] crate git repo https://github.com/mquandalle/ethereum-rust already has a lockfile, it will not be regenerated
[INFO] running `Command { std: "/workspace/cargo-home/bin/cargo" "+72f88fc4e9458f89516a0b8b0868f3718aec5b47" "fetch" "--locked" "--manifest-path" "Cargo.toml", kill_on_drop: false }`
[INFO] [stderr] error: the lock file /workspace/builds/worker-12/source/Cargo.lock needs to be updated but --locked was passed to prevent this
[INFO] [stderr] If you want to try to generate the lock file without accessing the network, use the --offline flag.
[INFO] the lockfile is outdated, regenerating it
[INFO] running `Command { std: "/workspace/cargo-home/bin/cargo" "+72f88fc4e9458f89516a0b8b0868f3718aec5b47" "generate-lockfile" "--manifest-path" "Cargo.toml" "-Zno-index-update", kill_on_drop: false }`
[INFO] running `Command { std: "/workspace/cargo-home/bin/cargo" "+72f88fc4e9458f89516a0b8b0868f3718aec5b47" "fetch" "--locked" "--manifest-path" "Cargo.toml", kill_on_drop: false }`
[INFO] [stderr]  Downloading crates ...
[INFO] [stderr]   Downloaded leveldb-rs v0.0.2
[INFO] running `Command { std: "docker" "create" "-v" "/var/lib/crater-agent-workspace/builds/worker-12/target:/opt/rustwide/target:rw,Z" "-v" "/var/lib/crater-agent-workspace/builds/worker-12/source:/opt/rustwide/workdir:ro,Z" "-v" "/var/lib/crater-agent-workspace/cargo-home:/opt/rustwide/cargo-home:ro,Z" "-v" "/var/lib/crater-agent-workspace/rustup-home:/opt/rustwide/rustup-home:ro,Z" "-e" "SOURCE_DIR=/opt/rustwide/workdir" "-e" "CARGO_TARGET_DIR=/opt/rustwide/target" "-e" "CARGO_HOME=/opt/rustwide/cargo-home" "-e" "RUSTUP_HOME=/opt/rustwide/rustup-home" "-w" "/opt/rustwide/workdir" "-m" "1610612736" "--user" "0:0" "--network" "none" "rustops/crates-build-env@sha256:d92eaeed33fa75130ca1ee6c8a01d1ffb62bac859dfdfb3450e3e5d1c0146529" "/opt/rustwide/cargo-home/bin/cargo" "+72f88fc4e9458f89516a0b8b0868f3718aec5b47" "metadata" "--no-deps" "--format-version=1", kill_on_drop: false }`
[INFO] [stdout] 4b12f2df4c07260f7fbd82dbe4f1e9700544f2c6e97672ba6e8aa75d0d2f8da4
[INFO] [stderr] WARNING: Your kernel does not support swap limit capabilities or the cgroup is not mounted. Memory limited without swap.
[INFO] running `Command { std: "docker" "start" "-a" "4b12f2df4c07260f7fbd82dbe4f1e9700544f2c6e97672ba6e8aa75d0d2f8da4", kill_on_drop: false }`
[INFO] running `Command { std: "docker" "inspect" "4b12f2df4c07260f7fbd82dbe4f1e9700544f2c6e97672ba6e8aa75d0d2f8da4", kill_on_drop: false }`
[INFO] running `Command { std: "docker" "rm" "-f" "4b12f2df4c07260f7fbd82dbe4f1e9700544f2c6e97672ba6e8aa75d0d2f8da4", kill_on_drop: false }`
[INFO] [stdout] 4b12f2df4c07260f7fbd82dbe4f1e9700544f2c6e97672ba6e8aa75d0d2f8da4
[INFO] running `Command { std: "docker" "create" "-v" "/var/lib/crater-agent-workspace/builds/worker-12/target:/opt/rustwide/target:rw,Z" "-v" "/var/lib/crater-agent-workspace/builds/worker-12/source:/opt/rustwide/workdir:ro,Z" "-v" "/var/lib/crater-agent-workspace/cargo-home:/opt/rustwide/cargo-home:ro,Z" "-v" "/var/lib/crater-agent-workspace/rustup-home:/opt/rustwide/rustup-home:ro,Z" "-e" "SOURCE_DIR=/opt/rustwide/workdir" "-e" "CARGO_TARGET_DIR=/opt/rustwide/target" "-e" "CARGO_INCREMENTAL=0" "-e" "RUST_BACKTRACE=full" "-e" "RUSTFLAGS=--cap-lints=forbid" "-e" "CARGO_HOME=/opt/rustwide/cargo-home" "-e" "RUSTUP_HOME=/opt/rustwide/rustup-home" "-w" "/opt/rustwide/workdir" "-m" "1610612736" "--user" "0:0" "--network" "none" "rustops/crates-build-env@sha256:d92eaeed33fa75130ca1ee6c8a01d1ffb62bac859dfdfb3450e3e5d1c0146529" "/opt/rustwide/cargo-home/bin/cargo" "+72f88fc4e9458f89516a0b8b0868f3718aec5b47" "check" "--frozen" "--all" "--all-targets" "--message-format=json", kill_on_drop: false }`
[INFO] [stdout] 08f5de26d792dd38aa6e09279c7396dc2e804166e3f7a769ee3ddf37b963b5c6
[INFO] [stderr] WARNING: Your kernel does not support swap limit capabilities or the cgroup is not mounted. Memory limited without swap.
[INFO] running `Command { std: "docker" "start" "-a" "08f5de26d792dd38aa6e09279c7396dc2e804166e3f7a769ee3ddf37b963b5c6", kill_on_drop: false }`
[INFO] [stderr]    Compiling leveldb-rs v0.0.2
[INFO] [stdout] error[E0432]: unresolved imports `std::io::Command`, `std::io::fs`
[INFO] [stdout]  --> /opt/rustwide/cargo-home/registry/src/github.com-1ecc6299db9ec823/leveldb-rs-0.0.2/build.rs:1:15
[INFO] [stdout]   |
[INFO] [stdout] 1 | use std::io::{Command, fs};
[INFO] [stdout]   |               ^^^^^^^  ^^ no `fs` in `io`
[INFO] [stdout]   |               |
[INFO] [stdout]   |               no `Command` in `io`
[INFO] [stdout] 
[INFO] [stdout] 
[INFO] [stdout] error[E0425]: cannot find function `getenv` in module `os`
[INFO] [stdout]   --> /opt/rustwide/cargo-home/registry/src/github.com-1ecc6299db9ec823/leveldb-rs-0.0.2/build.rs:54:33
[INFO] [stdout]    |
[INFO] [stdout] 54 |     let out_dir = Path::new(os::getenv("OUT_DIR").unwrap());
[INFO] [stdout]    |                                 ^^^^^^ not found in `os`
[INFO] [stdout]    |
[INFO] [stdout] help: consider importing this function
[INFO] [stdout]    |
[INFO] [stdout] 1  | use os::unix::process::sys::os::getenv;
[INFO] [stdout]    |
[INFO] [stdout] 
[INFO] [stdout] 
[INFO] [stdout] error[E0425]: cannot find function `getenv` in module `os`
[INFO] [stdout]   --> /opt/rustwide/cargo-home/registry/src/github.com-1ecc6299db9ec823/leveldb-rs-0.0.2/build.rs:62:23
[INFO] [stdout]    |
[INFO] [stdout] 62 |     let out_dir = os::getenv("OUT_DIR").unwrap();
[INFO] [stdout]    |                       ^^^^^^ not found in `os`
[INFO] [stdout]    |
[INFO] [stdout] help: consider importing this function
[INFO] [stdout]    |
[INFO] [stdout] 1  | use os::unix::process::sys::os::getenv;
[INFO] [stdout]    |
[INFO] [stdout] 
[INFO] [stdout] 
[INFO] [stdout] error[E0599]: no method named `as_str` found for struct `PathBuf` in the current scope
[INFO] [stdout]   --> /opt/rustwide/cargo-home/registry/src/github.com-1ecc6299db9ec823/leveldb-rs-0.0.2/build.rs:19:51
[INFO] [stdout]    |
[INFO] [stdout] 19 |     Command::new("make").args(&["-C", snappy_path.as_str().unwrap()])
[INFO] [stdout]    |                                                   ^^^^^^ help: there is an associated function with a similar name: `to_str`
[INFO] [stdout] 
[INFO] [stdout] 
[INFO] [stdout] error[E0599]: no method named `as_str` found for struct `PathBuf` in the current scope
[INFO] [stdout]   --> /opt/rustwide/cargo-home/registry/src/github.com-1ecc6299db9ec823/leveldb-rs-0.0.2/build.rs:31:51
[INFO] [stdout]    |
[INFO] [stdout] 31 |     Command::new("make").args(&["-C", snappy_path.as_str().unwrap()])
[INFO] [stdout]    |                                                   ^^^^^^ help: there is an associated function with a similar name: `to_str`
[INFO] [stdout] 
[INFO] [stdout] 
[INFO] [stdout] error[E0599]: no method named `as_str` found for struct `PathBuf` in the current scope
[INFO] [stdout]   --> /opt/rustwide/cargo-home/registry/src/github.com-1ecc6299db9ec823/leveldb-rs-0.0.2/build.rs:41:52
[INFO] [stdout]    |
[INFO] [stdout] 41 |     Command::new("make").args(&["-C", leveldb_path.as_str().unwrap()])
[INFO] [stdout]    |                                                    ^^^^^^ help: there is an associated function with a similar name: `to_str`
[INFO] [stdout] 
[INFO] [stdout] 
[INFO] [stdout] error[E0599]: no method named `as_str` found for struct `PathBuf` in the current scope
[INFO] [stdout]   --> /opt/rustwide/cargo-home/registry/src/github.com-1ecc6299db9ec823/leveldb-rs-0.0.2/build.rs:47:52
[INFO] [stdout]    |
[INFO] [stdout] 47 |     Command::new("make").args(&["-C", leveldb_path.as_str().unwrap()])
[INFO] [stdout]    |                                                    ^^^^^^ help: there is an associated function with a similar name: `to_str`
[INFO] [stdout] 
[INFO] [stdout] 
[INFO] [stdout] error[E0599]: no method named `as_str` found for struct `PathBuf` in the current scope
[INFO] [stdout]   --> /opt/rustwide/cargo-home/registry/src/github.com-1ecc6299db9ec823/leveldb-rs-0.0.2/build.rs:48:76
[INFO] [stdout]    |
[INFO] [stdout] 48 |                         .env("LDFLAGS",  format!("-L{}",       snappy_path.as_str().unwrap()))
[INFO] [stdout]    |                                                                            ^^^^^^ help: there is an associated function with a similar name: `to_str`
[INFO] [stdout] 
[INFO] [stdout] 
[INFO] [stdout] error[E0599]: no method named `as_str` found for struct `PathBuf` in the current scope
[INFO] [stdout]   --> /opt/rustwide/cargo-home/registry/src/github.com-1ecc6299db9ec823/leveldb-rs-0.0.2/build.rs:49:76
[INFO] [stdout]    |
[INFO] [stdout] 49 |                         .env("CXXFLAGS", format!("-I{} -fPIC", snappy_path.as_str().unwrap()))
[INFO] [stdout]    |                                                                            ^^^^^^ help: there is an associated function with a similar name: `to_str`
[INFO] [stdout] 
[INFO] [stdout] 
[INFO] [stdout] error: aborting due to 9 previous errors
[INFO] [stdout] 
[INFO] [stdout] 
[INFO] [stdout] Some errors have detailed explanations: E0425, E0432, E0599.
[INFO] [stdout] 
[INFO] [stdout] For more information about an error, try `rustc --explain E0425`.
[INFO] [stdout] 
[INFO] [stderr] error: could not compile `leveldb-rs`.
[INFO] [stderr] 
[INFO] [stderr] To learn more, run the command again with --verbose.
[INFO] running `Command { std: "docker" "inspect" "08f5de26d792dd38aa6e09279c7396dc2e804166e3f7a769ee3ddf37b963b5c6", kill_on_drop: false }`
[INFO] running `Command { std: "docker" "rm" "-f" "08f5de26d792dd38aa6e09279c7396dc2e804166e3f7a769ee3ddf37b963b5c6", kill_on_drop: false }`
[INFO] [stdout] 08f5de26d792dd38aa6e09279c7396dc2e804166e3f7a769ee3ddf37b963b5c6
